{"id":13805,"date":"2020-02-16T05:09:02","date_gmt":"2020-02-16T04:09:02","guid":{"rendered":"http:\/\/www.kartingdesfagnes.com\/?page_id=13805"},"modified":"2021-10-04T10:01:25","modified_gmt":"2021-10-04T08:01:25","slug":"politique-de-confidentialite-fr","status":"publish","type":"page","link":"https:\/\/kartingdesfagnes.be\/nl\/politique-de-confidentialite-fr\/","title":{"rendered":"POLITIQUE DE CONFIDENTIALITE"},"content":{"rendered":"<p><div class=\"fusion-fullwidth fullwidth-box fusion-builder-row-1 fusion-parallax-fixed hundred-percent-fullwidth non-hundred-percent-height-scrolling fusion-equal-height-columns\" style=\"--awb-border-radius-top-left:0px;--awb-border-radius-top-right:0px;--awb-border-radius-bottom-right:0px;--awb-border-radius-bottom-left:0px;--awb-padding-left:0px;--awb-background-image:linear-gradient(180deg, rgba(0,0,0,0.78) 0%,rgba(48,48,48,0) 100%),url(https:\/\/kartingdesfagnes.be\/wp-content\/uploads\/2020\/02\/MG_9377-min-1024x683.jpg);;--awb-background-size:cover;background-attachment:fixed;\" ><div class=\"fusion-builder-row fusion-row\"><div class=\"fusion-layout-column fusion_builder_column fusion-builder-column-0 fusion_builder_column_1_1 1_1 fusion-one-full fusion-column-first fusion-column-last\" style=\"--awb-padding-top:91px;--awb-padding-bottom:182px;--awb-bg-size:cover;--awb-margin-top:2px;--awb-margin-bottom:0px;\"><div class=\"fusion-column-wrapper fusion-flex-column-wrapper-legacy\"><div class=\"fusion-title title fusion-title-1 fusion-title-center fusion-title-text fusion-title-size-one\" style=\"--awb-text-color:#ffffff;--awb-margin-top:0px;--awb-font-size:3em;\"><div class=\"title-sep-container title-sep-container-left\"><div class=\"title-sep sep-single sep-solid\" style=\"border-color:#e2e2e2;\"><\/div><\/div><span class=\"awb-title-spacer\"><\/span><h1 class=\"title-heading-center fusion-responsive-typography-calculated\" style=\"margin:0;font-size:1em;--fontSize:48;line-height:2.23;\"><b>POLITIQUE DE CONFIDENTIALIT\u00c9<\/b><\/span><\/h1><span class=\"awb-title-spacer\"><\/span><div class=\"title-sep-container title-sep-container-right\"><div class=\"title-sep sep-single sep-solid\" style=\"border-color:#e2e2e2;\"><\/div><\/div><\/div><div class=\"fusion-clearfix\"><\/div><\/div><\/div><\/div><\/div><div class=\"fusion-fullwidth fullwidth-box fusion-builder-row-2 nonhundred-percent-fullwidth non-hundred-percent-height-scrolling\" style=\"--awb-border-radius-top-left:0px;--awb-border-radius-top-right:0px;--awb-border-radius-bottom-right:0px;--awb-border-radius-bottom-left:0px;\" ><div class=\"fusion-builder-row fusion-row\"><div class=\"fusion-layout-column fusion_builder_column fusion-builder-column-1 fusion_builder_column_1_1 1_1 fusion-one-full fusion-column-first fusion-column-last\" style=\"--awb-bg-size:cover;--awb-margin-top:36px;\"><div class=\"fusion-column-wrapper fusion-column-has-shadow fusion-flex-column-wrapper-legacy\"><div class=\"fusion-text fusion-text-1\"><div style=\"text-align: center; font-size: 1.5em\"><strong>POLITIQUE DE CONFIDENTIALIT\u00c9 CONCERNANT L\u2019UTILISATION DES DONN\u00c9ES PERSONNELLES COLLECT\u00c9ES<\/strong><\/div>\n<p>\nLes donn\u00e9es personnelles collect\u00e9es ou \u00ab informations personnelles \u00bb sont les donn\u00e9es enregistr\u00e9es afin d\u2019identifier ou contacter individuellement et distinctement une personne.<\/p>\n<p>Karting Des Fagnes pourra demander la communication de ses donn\u00e9es personnelles afin d\u2019identifier un client ou \u00e0 des fins de relations avec le dit client (publicit\u00e9, promotion ou toute autre communication ou service) et ce conform\u00e9ment au pr\u00e9sent engagement de confidentialit\u00e9.<\/p>\n<p>Un client peut refuser de communiquer ses donn\u00e9es personnelles mais le Karting Des Fagnes ne pourra sans doute pas, d\u00e8s lors, assurer le m\u00eame service ce qui engendrera des d\u00e9sagr\u00e9ments pour le client.<\/p>\n<div style=\"text-align: center; font-size: 1.5em\"><strong>UTILISATIONS DES DONN\u00c9ES \u00c0 CARACT\u00c8RE PERSONNELLES<\/strong><\/div>\n<\/p>\n<ul>\n<li>Les donn\u00e9es personnelles de nos clients nous permettent de leur faire profiter individuellement des mises \u00e0 jour r\u00e9glementaires, de s\u00e9curit\u00e9 mais aussi des \u00e9volutions des calendriers et services propos\u00e9s.<\/li>\n<li>Les donn\u00e9es personnelles sont utilis\u00e9es \u00e9galement afin de tenir \u00e0 jour les statistiques de fr\u00e9quentation, lutter contre certaines sortes de fraude et prendre les pr\u00e9cautions n\u00e9cessaires pour le maintien de la s\u00e9curit\u00e9 du site du Karting Des Fagnes. Ceci explique pourquoi nous souhaitons utiliser votre date de naissance ainsi que votre identit\u00e9, ce qui est n\u00e9cessaire pour assurer la s\u00e9curit\u00e9 des autres usagers du circuit et d\u00e9terminer si un client a bien le profil ad\u00e9quat pour l\u2019utiliser.<\/li>\n<li>Si un client souhaite se d\u00e9sinscrire de la liste de communication du Karting des Fagnes,il doit utiliser ce lien pour ce faire.\uf0b7 Certaines communications ne sont pas opposables, telles celles concernant les mises \u00e0 jour du r\u00e8glement du circuit ou des conditions d\u2019utilisation<\/li>\n<li>Les donn\u00e9es collect\u00e9es peuvent servir en outre pour d\u2019\u00e9ventuels audits, analyses approfondies de l\u2019activit\u00e9 et \u00e9laboration de nouveaux services permettant d\u2019optimiser les activit\u00e9s du Karting Des Fagnes.<\/li>\n<\/ul>\n<div style=\"text-align: center; font-size: 1.5em\"><strong>COLLECTE ET UTILISATION DES DONN\u00c9ES \u00c0 CARACT\u00c8RE NON-PERSONNEL<\/strong><\/div>\n<p>\nLes donn\u00e9es non-personnelles collect\u00e9es sont celles qui ne permettent pas d\u2019\u00eatre li\u00e9e \u00e0 une personne en particulier ni \u00e0 son adresse IP. Elles pourront \u00eatre utilis\u00e9es et transf\u00e9r\u00e9es \u00e0 quelques fins que ce soit, par exemple pour l\u2019optimisation des web site et des modes de communications tels que r\u00e9seaux sociaux et e-maillings<\/p>\n<p>Liste non-exhaustive : profession, localit\u00e9, CP, num\u00e9ro de s\u00e9rie et l\u2019URL de l\u2019appareil servant \u00e0 la connexion, \u00e2ge, \u00e9l\u00e9ments recherch\u00e9s sur notre web site<\/p>\n<p>NB : le m\u00e9lange de donn\u00e9es non-personnelles avec des donn\u00e9es personnelles en font automatiquement des donn\u00e9es \u00e0 caract\u00e8re personnelles<\/p>\n<div style=\"text-align: center; font-size: 1.5em\"><strong>UTILISATION DES COOKIES ET AUTRES SYST\u00c8MES ASSIMIL\u00c9S<\/strong><\/div>\n<p>\nNos syst\u00e8mes de communication tel que website et applications internet utilisent des cookies ou technologies assimil\u00e9es. Ces moyens de communication nous permettent de mieux g\u00e9rer notre client\u00e8le ainsi que d\u2019assurer un suivi des demandes de celle-ci en r\u00e9pondant aux mieux aux attentes de nos clients. Nous traitons les donn\u00e9es recueillies \u00e0 l\u2019aide de ces technologies en les consid\u00e9rant comme non-personnelles sauf dans le cas o\u00f9 nous tomberions sous l\u2019effet d\u2019une loi locale l\u2019interdisant, dans ce cas nous les traiterions comme donn\u00e9es personnelles.<\/p>\n<p>Nous stockons les donn\u00e9es collect\u00e9es dans des fichiers informatiques. Les adresses IP (Internet Protocol), toutes les donn\u00e9es de navigation, les fournisseurs d\u2019acc\u00e8s \u00e0 Internet(FAI), la date et l\u2019heure ainsi que le cheminement concernant le parcours utilis\u00e9s sur nos applications par nos clients sont \u00e9galement enregistr\u00e9s. Cela nous permet de comprendre les habitudes et comportements de nos clients et adapter aux mieux nous outils d\u2019administration mais aussi de rendre nos services promotionnels plus pertinents. Nous \u00e9vitons aussi de ce fait les publicit\u00e9s inutiles.<\/p>\n<p>A certains moments, nos clients sont invit\u00e9s \u00e0 cliquer sur des liens URL qui les re-dirigent vers d\u2019autres sites \/ applications. Les clics sont m\u00e9moris\u00e9s afin d\u2019analyser les comportements et besoins de nos clients. Si vous ne souhaitez pas \u00eatre suivi alors il vous suffit de ne pas cliquer sur ces liens.<\/p>\n<p>La technologie \u00ab pixel tags \u00bb permet de communiquer avec les clients au moyen de messages \u00e9lectroniques dans un format habituel. C\u2019est un moyen que nous utilisons \u00e9galement pour savoir si la communication a \u00e9t\u00e9 consult\u00e9e ou non par nos clients, \u00e0 partir del\u00e0 nous optimisons nos communications.<\/p>\n<div style=\"text-align: center; font-size: 1.5em\"><strong>DISPOSITIONS EXTRA-ORDINAIRES<\/strong><\/div>\n<p>\nD\u2019un point de vue l\u00e9gal, Karting Des Fagnes pourrait \u00eatre amen\u00e9 \u00e0 divulguer vos donn\u00e9es personnelles dans le cas d\u2019une demande expresse \u00e9manant de la justice, d\u2019une requ\u00eate des services publics mais aussi dans des cas ou la s\u00e9curit\u00e9 nationale est en jeu. Pour toutes ces demandes le Karting Des Fagnes se r\u00e9serve le droit de juger si ces divulgations sont appropri\u00e9es et ad\u00e9quates, il en va de m\u00eame en ce qui concerne la divulgation de vos donn\u00e9es dans le but de faire valoir nos droits en cas de litige quel qu\u2019il soit ou si nous jugeons qu\u2019elle est n\u00e9cessaire afin de faire respecter nos conditions g\u00e9n\u00e9rales, voir de prot\u00e9ger notre personnel, nos autres clients et globalement notre activit\u00e9.<\/p>\n<div style=\"text-align: center; font-size: 1.5em\"><strong>CESSION D\u2019ACTIVIT\u00c9 OU MODIFICATION DE LA STRUCTURE DE GESTION DU KARTING DES FAGNES<\/strong><\/div>\n<p>\nDans ces 2 cas, les informations collect\u00e9es pourront \u00eatre c\u00e9d\u00e9es au repreneur ou \u00e0 la nouvelle organe de gestion du Karting Des Fagnes.<\/p>\n<div style=\"text-align: center; font-size: 1.5em\"><strong>CONSERVATION ET PERTINENCE DES DONN\u00c9ES COLLECT\u00c9ES, MODIFICATION, QUESTIONS RELATIVES<\/strong><\/div>\n<p>\nLes fichiers conserv\u00e9s vous permettent d\u2019\u00eatre identifi\u00e9 de mani\u00e8re permanente lorsque vous utilisez nos services et ce pour toute la dur\u00e9e ou nous jugeons celles-ci utiles afin de vous<br \/>\nassurer le meilleur suivi possible tout en suivant scrupuleusement les prescriptions l\u00e9gales en la mati\u00e8re.<\/p>\n<p>Pour toute question relative aux donn\u00e9es collect\u00e9es, vous pouvez nous adresser un e-mail \u00e0 <a href=\"mailto:info@kartingdesfagnes.com\">info@kartingdesfagnes.com<\/a> ou nous appeler au 00.32.60.31.26.70<\/p>\n<p>Les \u00e9ventuelles mises \u00e0 jour seront diffus\u00e9es le plus largement<\/p>\n<\/div><div class=\"fusion-clearfix\"><\/div><\/div><\/div><\/div><\/div><\/p>","protected":false},"excerpt":{"rendered":"","protected":false},"author":5,"featured_media":0,"parent":0,"menu_order":0,"comment_status":"closed","ping_status":"closed","template":"100-width.php","meta":{"footnotes":""},"class_list":["post-13805","page","type-page","status-publish","hentry"],"jetpack_sharing_enabled":true,"_links":{"self":[{"href":"https:\/\/kartingdesfagnes.be\/nl\/wp-json\/wp\/v2\/pages\/13805","targetHints":{"allow":["GET"]}}],"collection":[{"href":"https:\/\/kartingdesfagnes.be\/nl\/wp-json\/wp\/v2\/pages"}],"about":[{"href":"https:\/\/kartingdesfagnes.be\/nl\/wp-json\/wp\/v2\/types\/page"}],"author":[{"embeddable":true,"href":"https:\/\/kartingdesfagnes.be\/nl\/wp-json\/wp\/v2\/users\/5"}],"replies":[{"embeddable":true,"href":"https:\/\/kartingdesfagnes.be\/nl\/wp-json\/wp\/v2\/comments?post=13805"}],"version-history":[{"count":9,"href":"https:\/\/kartingdesfagnes.be\/nl\/wp-json\/wp\/v2\/pages\/13805\/revisions"}],"predecessor-version":[{"id":17972,"href":"https:\/\/kartingdesfagnes.be\/nl\/wp-json\/wp\/v2\/pages\/13805\/revisions\/17972"}],"wp:attachment":[{"href":"https:\/\/kartingdesfagnes.be\/nl\/wp-json\/wp\/v2\/media?parent=13805"}],"curies":[{"name":"wp","href":"https:\/\/api.w.org\/{rel}","templated":true}]}}

<p><div class="fusion-fullwidth fullwidth-box fusion-builder-row-1 fusion-parallax-fixed hundred-percent-fullwidth non-hundred-percent-height-scrolling fusion-equal-height-columns" style="--awb-border-radius-top-left:0px;--awb-border-radius-top-right:0px;--awb-border-radius-bottom-right:0px;--awb-border-radius-bottom-left:0px;--awb-padding-left:0px;--awb-background-image:linear-gradient(180deg, rgba(0,0,0,0.78) 0%,rgba(48,48,48,0) 100%),url(https://kartingdesfagnes.be/wp-content/uploads/2020/02/MG_9377-min-1024x683.jpg);;--awb-background-size:cover;background-attachment:fixed;" ><div class="fusion-builder-row fusion-row"><div class="fusion-layout-column fusion_builder_column fusion-builder-column-0 fusion_builder_column_1_1 1_1 fusion-one-full fusion-column-first fusion-column-last" style="--awb-padding-top:91px;--awb-padding-bottom:182px;--awb-bg-size:cover;--awb-margin-top:2px;--awb-margin-bottom:0px;"><div class="fusion-column-wrapper fusion-flex-column-wrapper-legacy"><div class="fusion-title title fusion-title-1 fusion-title-center fusion-title-text fusion-title-size-one" style="--awb-text-color:#ffffff;--awb-margin-top:0px;--awb-font-size:3em;"><div class="title-sep-container title-sep-container-left"><div class="title-sep sep-single sep-solid" style="border-color:#e2e2e2;"></div></div><span class="awb-title-spacer"></span><h1 class="title-heading-center fusion-responsive-typography-calculated" style="margin:0;font-size:1em;--fontSize:48;line-height:2.23;"><b>POLITIQUE DE CONFIDENTIALITÉ</b></span></h1><span class="awb-title-spacer"></span><div class="title-sep-container title-sep-container-right"><div class="title-sep sep-single sep-solid" style="border-color:#e2e2e2;"></div></div></div><div class="fusion-clearfix"></div></div></div></div></div><div class="fusion-fullwidth fullwidth-box fusion-builder-row-2 nonhundred-percent-fullwidth non-hundred-percent-height-scrolling" style="--awb-border-radius-top-left:0px;--awb-border-radius-top-right:0px;--awb-border-radius-bottom-right:0px;--awb-border-radius-bottom-left:0px;" ><div class="fusion-builder-row fusion-row"><div class="fusion-layout-column fusion_builder_column fusion-builder-column-1 fusion_builder_column_1_1 1_1 fusion-one-full fusion-column-first fusion-column-last" style="--awb-bg-size:cover;--awb-margin-top:36px;"><div class="fusion-column-wrapper fusion-column-has-shadow fusion-flex-column-wrapper-legacy"><div class="fusion-text fusion-text-1"><div style="text-align: center; font-size: 1.5em"><strong>POLITIQUE DE CONFIDENTIALITÉ CONCERNANT L’UTILISATION DES DONNÉES PERSONNELLES COLLECTÉES</strong></div>
<p>
Les données personnelles collectées ou « informations personnelles » sont les données enregistrées afin d’identifier ou contacter individuellement et distinctement une personne.</p>
<p>Karting Des Fagnes pourra demander la communication de ses données personnelles afin d’identifier un client ou à des fins de relations avec le dit client (publicité, promotion ou toute autre communication ou service) et ce conformément au présent engagement de confidentialité.</p>
<p>Un client peut refuser de communiquer ses données personnelles mais le Karting Des Fagnes ne pourra sans doute pas, dès lors, assurer le même service ce qui engendrera des désagréments pour le client.</p>
<div style="text-align: center; font-size: 1.5em"><strong>UTILISATIONS DES DONNÉES À CARACTÈRE PERSONNELLES</strong></div>
</p>
<ul>
<li>Les données personnelles de nos clients nous permettent de leur faire profiter individuellement des mises à jour réglementaires, de sécurité mais aussi des évolutions des calendriers et services proposés.</li>
<li>Les données personnelles sont utilisées également afin de tenir à jour les statistiques de fréquentation, lutter contre certaines sortes de fraude et prendre les précautions nécessaires pour le maintien de la sécurité du site du Karting Des Fagnes. Ceci explique pourquoi nous souhaitons utiliser votre date de naissance ainsi que votre identité, ce qui est nécessaire pour assurer la sécurité des autres usagers du circuit et déterminer si un client a bien le profil adéquat pour l’utiliser.</li>
<li>Si un client souhaite se désinscrire de la liste de communication du Karting des Fagnes,il doit utiliser ce lien pour ce faire. Certaines communications ne sont pas opposables, telles celles concernant les mises à jour du règlement du circuit ou des conditions d’utilisation</li>
<li>Les données collectées peuvent servir en outre pour d’éventuels audits, analyses approfondies de l’activité et élaboration de nouveaux services permettant d’optimiser les activités du Karting Des Fagnes.</li>
</ul>
<div style="text-align: center; font-size: 1.5em"><strong>COLLECTE ET UTILISATION DES DONNÉES À CARACTÈRE NON-PERSONNEL</strong></div>
<p>
Les données non-personnelles collectées sont celles qui ne permettent pas d’être liée à une personne en particulier ni à son adresse IP. Elles pourront être utilisées et transférées à quelques fins que ce soit, par exemple pour l’optimisation des web site et des modes de communications tels que réseaux sociaux et e-maillings</p>
<p>Liste non-exhaustive : profession, localité, CP, numéro de série et l’URL de l’appareil servant à la connexion, âge, éléments recherchés sur notre web site</p>
<p>NB : le mélange de données non-personnelles avec des données personnelles en font automatiquement des données à caractère personnelles</p>
<div style="text-align: center; font-size: 1.5em"><strong>UTILISATION DES COOKIES ET AUTRES SYSTÈMES ASSIMILÉS</strong></div>
<p>
Nos systèmes de communication tel que website et applications internet utilisent des cookies ou technologies assimilées. Ces moyens de communication nous permettent de mieux gérer notre clientèle ainsi que d’assurer un suivi des demandes de celle-ci en répondant aux mieux aux attentes de nos clients. Nous traitons les données recueillies à l’aide de ces technologies en les considérant comme non-personnelles sauf dans le cas où nous tomberions sous l’effet d’une loi locale l’interdisant, dans ce cas nous les traiterions comme données personnelles.</p>
<p>Nous stockons les données collectées dans des fichiers informatiques. Les adresses IP (Internet Protocol), toutes les données de navigation, les fournisseurs d’accès à Internet(FAI), la date et l’heure ainsi que le cheminement concernant le parcours utilisés sur nos applications par nos clients sont également enregistrés. Cela nous permet de comprendre les habitudes et comportements de nos clients et adapter aux mieux nous outils d’administration mais aussi de rendre nos services promotionnels plus pertinents. Nous évitons aussi de ce fait les publicités inutiles.</p>
<p>A certains moments, nos clients sont invités à cliquer sur des liens URL qui les re-dirigent vers d’autres sites / applications. Les clics sont mémorisés afin d’analyser les comportements et besoins de nos clients. Si vous ne souhaitez pas être suivi alors il vous suffit de ne pas cliquer sur ces liens.</p>
<p>La technologie « pixel tags » permet de communiquer avec les clients au moyen de messages électroniques dans un format habituel. C’est un moyen que nous utilisons également pour savoir si la communication a été consultée ou non par nos clients, à partir delà nous optimisons nos communications.</p>
<div style="text-align: center; font-size: 1.5em"><strong>DISPOSITIONS EXTRA-ORDINAIRES</strong></div>
<p>
D’un point de vue légal, Karting Des Fagnes pourrait être amené à divulguer vos données personnelles dans le cas d’une demande expresse émanant de la justice, d’une requête des services publics mais aussi dans des cas ou la sécurité nationale est en jeu. Pour toutes ces demandes le Karting Des Fagnes se réserve le droit de juger si ces divulgations sont appropriées et adéquates, il en va de même en ce qui concerne la divulgation de vos données dans le but de faire valoir nos droits en cas de litige quel qu’il soit ou si nous jugeons qu’elle est nécessaire afin de faire respecter nos conditions générales, voir de protéger notre personnel, nos autres clients et globalement notre activité.</p>
<div style="text-align: center; font-size: 1.5em"><strong>CESSION D’ACTIVITÉ OU MODIFICATION DE LA STRUCTURE DE GESTION DU KARTING DES FAGNES</strong></div>
<p>
Dans ces 2 cas, les informations collectées pourront être cédées au repreneur ou à la nouvelle organe de gestion du Karting Des Fagnes.</p>
<div style="text-align: center; font-size: 1.5em"><strong>CONSERVATION ET PERTINENCE DES DONNÉES COLLECTÉES, MODIFICATION, QUESTIONS RELATIVES</strong></div>
<p>
Les fichiers conservés vous permettent d’être identifié de manière permanente lorsque vous utilisez nos services et ce pour toute la durée ou nous jugeons celles-ci utiles afin de vous<br />
assurer le meilleur suivi possible tout en suivant scrupuleusement les prescriptions légales en la matière.</p>
<p>Pour toute question relative aux données collectées, vous pouvez nous adresser un e-mail à <a href="mailto:info@kartingdesfagnes.com">info@kartingdesfagnes.com</a> ou nous appeler au 00.32.60.31.26.70</p>
<p>Les éventuelles mises à jour seront diffusées le plus largement</p>
</div><div class="fusion-clearfix"></div></div></div></div></div></p>
